3
Evaluate -30 + (-6 + -5 + 2 + 23 - 6).
-22
What is the value of 2 - 4 - 2 - (-18 + (20 - 8))?
2
What is 31 + -41 + 2 + 17?
9
What is -13 + 26 - 14 - (-4 - -7)?
-4
Calculate -2 - (0 + -2 - (-107 - -111)).
4
What is the value of -12 - (-2 + 7 + -13 - 0)?
-4
-5 + 17 - (34 + (4 - 4))
-22
What is 33 - 30 - (12 + 0)?
-9
What is the value of 4 - (3 - 9 - -1) - 14?
-5
What is the value of -5 - (8 + -5 + 3 + (-1 - 1))?
-9
(6 - 12) + (-1 - -15)
8
What is the value of -21 + (11 + -6 - -5)?
-11
What is -9 + 39 - 41 - -41?
30
What is the value of -1 - (16 - 10 - 0)?
-7
What is the value of -7 - -23 - (-4 - -3) - 22?
-5
What is the value of 3 - (-9 - 5 - 13)?
30
Calculate 9 + -4 + 12 + -4 + -2.
11
Evaluate 423 - 409 - (9 - 0).
5
Calculate -16 + (-18 - -15 - (5 - 13)).
-11
Calculate (-2 + 17 - (53 + -68)) + -3.
27
What is (4 - 5) + (-10 - -1)?
-10
What is the value of -10 + (-1 - -15) - 14?
-10
What is the value of -19 + (-15 - (-2 - (15 - 9))) + 8?
-18
What is the value of -31 - -11 - (1 - 27)?
6
-9 + 0 + ((12 - 0) + -3 - 11)
-11
What is the value of 13 + (-5 - (-14 - -10)) + -21?
-9
What is -65 + 51 - (-3 - (-4 - -6))?
-9
Calculate (12 + -16 - 11) + 22.
7
-1 + (5 - (-10 + 24)) + (-4 - 0)
-14
What is 3 - (2 + -2 + -27 - (-7 + 0))?
23
(1 + -1 - (5 - 9)) + -154 + 168
18
Evaluate -2 - -13 - (1 - 0 - (179 - 177)).
12
-3 + 8 + (1 - (-4 - -2)) + -45
-37
What is 20 + (-10 - (-14 - -11)) + 6?
19
Calculate -6 - (5 + (-11 - 12) + 12).
0
Calculate (-8 - -13) + (6 - (-4 - -2)).
13
Evaluate (1 - (7 + 4) - -29) + -3.
16
-10 + (7 - 15) + 31
13
Calculate 3 + -24 + 4 + 4 + 1 - 5.
-17
What is -10 + (-17 - (-34 - -37))?
-30
Evaluate -12 + 9 - (0 + (4 - (2 + 1))).
-4
What is the value of 42 - (-3 - -6) - (336 + -336)?
39
What is the value of 3 + (-4 - (-1 + -7)) - 9 - 23?
-25
1 + (4 - -1) + 7 + -10 + 6
9
-1081 + 1081 + (1 + 7 - -1)
9
(21 - (14 + -1) - (-1 - 1)) + 1
11
-25 - (15 + 7 + -33)
-14
Calculate 6 + -13 + 20 + 6.
19
18 - 18 - (8 + 2 + 3)
-13
Evaluate -39 + 8 + 20 + -2.
-13
Calculate (8 + -7 + 11 - 12) + 8.
8
Calculate (12 - 5 - 19) + 15.
3
Calculate -8 + -6 + (2 - (16 + -10)).
-18
What is (9 - (1 + 0)) + (-24 - -4 - -21)?
9
Calculate -20 + 0 + (-4 - -2) + 11.
-11
What is the value of (-8 - (-6 + 3)) + 3?
-2
6 + 1 - (-1 + 4 + -3 - 0)
7
Evaluate 1340 + -1373 + 2 + 0.
-31
-5 + 5 + -29 + (17 - -2)
-10
What is (-11 - -16) + 7 + 0 + 0?
12
Evaluate -4 + 2 + (21 - 8) + 1.
12
What is the value of (3 - -26) + (-13 - -4) + -5 + 14?
29
Evaluate 18 + -26 + 15 + 17.
24
What is (-19 - -31 - 9 - -9) + 2 + 1?
15
Evaluate 19 + (12 - 23) + -7.
1
5 + (-21 - -19) - (-7 - -1)
9
Evaluate 1 - (-15 + -3 + 11 + -8 + 12).
4
Evaluate -14 - -23 - (4 - (2 - 2)).
5
What is the value of -3 + (0 + 0 - (9 - 8))?
-4
What is the value of 14 + -20 - (-3 - -7 - 21)?
11
What is the value of (17 - (-2 + -3)) + -5 + -2?
15
-4 - (3 - (-3 - 0) - 5 - 1)
-4
-21 + 0 + -1 + -3 - -5 - -6
-14
Evaluate (54 - 60) + (2 - (0 + -7)) + -2.
1
63 - (-21 - (18 - 74))
28
26 - (-45 - -18 - -45)
8
What is the value of -28 - (-7 + (0 - 1) - (0 + -3))?
-23
What is -12 - (7 + -50) - (6 + -4 + 7)?
22
20 + (5 - 9) - 19 - -10
7
What is (9 - 3) + (8 - 18 - 3)?
-7
Evaluate ((1 - 4) + 3 - -6) + -47 + 42.
1
What is the value of -3 + 8 + (-6 - -14) - 9?
4
(0 - -1 - 1) + -7 + -10 + 1
-16
What is 13 + -1 + (-27 - (7 - (-14 + 5)))?
-31
What is 207 + -203 + -2 + (0 - -2) + 17?
21
Evaluate -11 + -1 - (17 + -8 - 57 - -21).
15
What is the value of 1889 + -1855 + -21 + -1?
12
What is the value of -6 + (16 - (12 + -4) - 0)?
2
Calculate -12 - (-16 + 13 + -21).
12
What is 6 + (-11 - (2 + -5 + -5))?
3
-7 + (-5 - -11 - -8) - -5
12
What is 23 - 1 - (339 + -324)?
7
What is 57 + (-1 - 24) + 15 + -15?
32
What is (7 + 6 + -16 - 3) + 4?
-2
What is the value of (1 - -9) + -23 + -1 + 7?
-7
-6 + (-1 - (0 + 4 + 6 + -11))
-6
What is -9 - (-28 + 25 - 13)?
7
What is the value of -6 - ((-15 - -6) + 7) - -18?
14
-25 + 24 + (8 - -2) + 1
10
Evaluate 1 - 4 - (332 - 347).
12
Evaluate -13 + 18 + 7 + (5 - (5 - 5)).
17
(2 - -4) + 2 - (-76 - -99)
-15
Calculate -13 + 0 - (8 - (-7 + 12 + -2)).
-18
What is 1323 + -1314 + (-3 - 0 - -30)?
36
What is the value of 0 - (-4 + -3 - (-3 + -13 + 4))?
-5
What is the value of (525 - 511) + 1 + -18?
-3
Evaluate 6 + 1 + -2 + -14 - (-1 - -4).
-12
What is -3 + (13 - -1) + -16?
-5
-18 + (15 - 5 - (8 - 7))
-9
(-8 - (-2 + 1)) + (6 + -5 - -2)
-4
Calculate -2 + -19 + 14 - -15.
8
Calculate (-8 - 3) + 10 - (4 + 2).
-7
-151 + 145 - (4 + (-1 - 2) - 24)
17
What is the value of (18 - (-1 + 13)) + (12 - 1)?
17
1 + 9 - (-81 - -81)
10
What is the value of 1 + (0 - 11) + -23 + 34?
1
Calculate -16 - -30 - -8 - 17.
5
-49 + 52 + (0 - 7) - (1 + 6)
-11
-23 + 17 - (-3 + 1 - 8)
4
What is the value of -8 + (22 - 19) - 18?
-23
What is (87 - 98) + (-2 + -1 - (-3 - 0))?
-11
What is (-53 - 3) + 30 + 0?
-26
-10 - -10 - 4 - -21
17
What is the value of (-2 + -5 - (-35 + 27)) + (-1 - -1)?
1
What is the value of -7 + -16 + 7 + 5?
-11
Evaluate -1 + ((-7 + 9 - 4) + 3 - 3).
-3
Evaluate -2 + 2 + 2 - (29 - 48).
21
(3 - (18 + -22 + 17)) + 0 + 9
-1
What is 3 + (8 - (17 + -17 + 8))?
3
What is the value of -1 - (-3 + -2 + 14 + -17)?
7
Evaluate 29 - (-23 + 46) - (21 + -2).
-13
-21 - -1 - (-5 - (23 - 20))
-12
What is the value of (31 - 35) + (-1 - -12) + (1 - 10)?
-2
What is 4 + 7 + -17 + 19?
13
What is the value of (11 - -1) + -43 - -55?
24
What is the value of (-9 + 20 - (2 + (-1 - -8))) + -19?
-17
What is -3 - (-1 + 6 - (-8 + 10) - 18)?
12
Calculate (-1 - (-1 + -4)) + (-7 - -1) - -6.
4
Evaluate -12 + (-8 + 5 - -25).
10
-1 + (19 - 1 - (51 + -47) - 8)
5
Evaluate -1 + (-19 - -16 - (4 - 2)).
-6
What is -7 - (-15 + 4) - (-1 + 4)?
1
What is -1 + -19 + 22 + 11 + 1 + -2?
12
-5 + -1 + -2 - (-5 - -4)
-7
What is the value of (3 - (35 + -20)) + 2?
-10
Calculate (2 - 1 - -15) + (136 - 142).
10
Calculate 14 - -3 - (154 + -144).
7
Calculate 9 + 4 + 3 + (-7 - (7 + -1)).
3
Evaluate 1 + -2 + (-349 - -353).
3
23 - (51 - 24) - (-1 - 10)
7
What is 4 + -19 + (14 - -9)?
8
What is 1 - (-4 + 7 + 1)?
-3
Evaluate -14 + -6 + (18 - 0) + 11.
9
Evaluate (-2 - -13) + 0 + 1 + -7.
5
What is the value of ((24 - 53) + 8 - -22) + (-17 - -1)?
-15
Calculate -241 - -268 - (36 + 2).
-11
Calculate -1 + 0 - -4 - (-741 + 742).
2
Calculate 13 - 38 - -55 - 10.
20
Evaluate 2 - (16 - 7) - (-5 - 5).
3
Calculate 175 - 180 - (-28 - 0).
23
Evaluate -3 + 13 + 7 + -25.
-8
Calculate 559 - 570 - (-1 + 1).
-11
Evaluate -17 + 16 + (-1 - -1 - 1) + 7.
5
Evaluate -12 + 18 + -28 + 10.
-12
What is the value of -4 + 10 - -11 - (5 + (0 - -2))?
10
What is 7 - (11 + (-6 + 2 - 2) + -1)?
3
What is 8 + 1 - (10 + -28 + 1 + 49)?
-23
59 + -62 + 3 + 1 + 18 - -10
29
(-10 - -1) + 16 - 15
-8
What is (1 - 13) + 12 + -12 + 5?
-7
What is the value of 1 + (45 - 41) + -3 + 8?
10
What is the value of 15 + (3 + 10 - 29)?
-1
Calculate -34 - (-91 + 46 + -16).
27
Evaluate 1 - (-4 + (0 - (-2 - 4))).
-1
What is -31 - -29 - (3 - -1)?
-6
-53 - (9 - -34 - 87)
-9
Evaluate 17 + 13 + 13 + (-19 - 12).
12
Calculate 7 - -9 - (-18 - -24).
10
What is the value of -9 + (-23 - -3) + 21?
-8
What is -25 - -37 - 2 - -8?
18
-18 + (4 - -3) + -13
-24
Evaluate (3 - -2) + -7 + 1 - 1.
-2
What is the value of (-10 - (-8 + (10 - 9))) + (0 - 0)?
-3
Calculate -14 - (-2 - (-6 + 3 - -8)).
-7
Calculate 29 - (-4 + (25 - 17)).
25
What is the value of 3 - (9 + -18 + 3 + (3 - 0))?
6
Evaluate (27 - 24) + -6 + 7.
4
4 + 10 + (13 - 11 - 14)
2
Calculate -2 + (0 + -2 - (11 + -13) - -26).
24
Evaluate (-1 - 3) + (281 - 289).
-12
Calculate -3 - -9 - 9 - (-3 - 1).
1
What is -10 - ((10 - (19 - 16)) + -9)?
-8
Evaluate (0 - 3) + (-17 - -26) + (1 - 8).
-1
What is the value of 23 - ((4 - 6) + 6 - (5 + 5))?
29
Calculate 0 - (30 - 50 - -8).
12
What is the value of 6 + -17 + (1 + 11 - (-9 - -15))?
-5
Evaluate 14 - (-20 - -7) - 17.
10
Evaluate 1 - (11 + -4) - (0 - 3) - -6.
3
(-5 - (4 + -19)) + -5
5
What is (-13 - 4) + 7 + 9 + -9 + -1?
-11
Evaluate (-11 - (0 - -5) - (-28 - -23)) + 4.
-7
Calculate (5 - 3 - -7) + -12.
-3
Calculate (-1 - 8) + (60 - 51).
0
Evaluate 16 + -10 + (16 - 23) + (-13 - 0).
-14
What is 11 + -4 - -11 - (1 + 5 + -4)?
16
What is the value of (-5 - 24) + 27 - 2?
-4
What is the value of -8 + -2 + 8 + (-4 - 1 - -5)?
-2
Evaluate -7 + ((-7 - -10) + 2 - (1 + 5)).
-8
Calculate (3 - 30) + -496 + 495.
-28
